 216?
24
Suppose 77293 + 315117 + 11840 = 30*w. Calculate the highest common factor of w and 49.
49
Let c be ((-10542)/12)/((-1)/4)*1/2. Calculate the greatest common divisor of c and 1004.
251
Let d(g) = 7 - 2*g + 19*g + 6. Let a be d(-19). Let k = 445 + a. What is the greatest common factor of 15 and k?
15
Suppose -q + 128 = 4*w, 26 - 6 = -5*w. Suppose 3*m - 720 = -g - 4*g, -m + 240 = g. Calculate the greatest common factor of q and m.
48
Let t = 19640 + -19564. What is the highest common divisor of t and 3876?
76
Let g(l) = 300*l + 10330. Let n be g(-34). Calculate the greatest common factor of n and 290.
10
Suppose -5*q - 2*w = -272, -17*q + 104 = -15*q - 4*w. Suppose -i = p - 311, 7*i - 1545 = -5*p + 4*i. Calculate the highest common factor of p and q.
18
Let a(d) = -d**3 - 2*d**2 - 7*d - 5. Let b be a(-4). Let o be (-4 - b/20)*-16. What is the highest common factor of 162 and o?
54
Suppose -31*v + 1449 + 4131 = 0. Let i be (9*4/v)/((-1)/(-215)). Suppose 0*j - 2*j = -m + 213, 1079 = 5*m + 4*j. What is the greatest common divisor of i and m?
43
Let t(j) = -119 - j**3 + 0*j + 17*j + 73 + 8*j**2 + 64. Let y be t(9). What is the greatest common divisor of 60 and y?
30
Let d be -2 + (-3)/(-1) - -19. Suppose 4*j - d = 40. Suppose 4*h + 0*h - 8 = 0, 4*f = -5*h + 50. Calculate the greatest common divisor of f and j.
5
Suppose 113*s + 24*s = 10960. Calculate the highest common factor of 44 and s.
4
Let h(v) = 3*v**3 + 6*v**3 + 20*v**2 - 8*v**3 + 31 - 214*v + 58*v. Let z be h(-26). Calculate the greatest common divisor of z and 434.
31
Suppose -76*d + 395328 = 66*d. Calculate the highest common factor of d and 522.
174
Suppose 5*f + 0*f = 7*f. Let v(u) = -u**2 + 21. Let a be v(f). Suppose a = 2*z - 33. Calculate the highest common factor of z and 243.
27
Suppose -106*c + 14238 = 882. Let k be -24*((-33)/(-12) + -2). Let z = 0 - k. What is the greatest common divisor of c and z?
18
Let y = -3 - -17. Let h = 11 + y. Let m(x) = -6*x**2 + 79*x - 223. Let c be m(8). Calculate the greatest common divisor of h and c.
25
Suppose -34*j = -36*j + 76. Let h = 52 - j. Suppose 7*s = -3*s + 140. What is the highest common factor of h and s?
14
Let w = -80 - -80. Let r(q) = -2*q + 30. Let n be r(w). Let o be ((-4)/2)/((-6)/15). What is the greatest common factor of n and o?
5
Let k = -2246 + 2262. Let g = -193 + 338. Let n = g - 17. What is the greatest common factor of k and n?
16
Let m(n) = -n**3 + 29*n**2 - 20*n + 97. Let q be m(27). Calculate the highest common factor of 145 and q.
145
Let x(r) = -r**3 - 22*r**2 - 50*r - 184. Let s be x(-29). Calculate the greatest common divisor of s and 23.
23
Suppose 4*c + 892 = 916. What is the highest common factor of 102 and c?
6
Let i = 9288 + -6142. What is the highest common divisor of i and 52?
26
Let d = 39 - 39. Suppose 2*q - 3 = -t, d*t + 5*q - 3 = -t. Suppose -3*l + 3*r + 33 = 0, 4*l + t*r - 23 = 35. What is the highest common factor of 26 and l?
13
Suppose -97 = 6*s - 181. Let l(n) = n + 18. Let v be l(-9). Let u = 23 - v. Calculate the greatest common divisor of u and s.
14
Let g(i) = -7*i - 10. Let j(z) = -20*z - 30. Let x(m) = 17*g(m) - 6*j(m). Let t be x(-6). Let r = 72 + -44. Calculate the greatest common factor of r and t.
4
Suppose -5*r = 10, -4*r + 12 = -4*t + 8*t. Let h be (-10)/4*t/(-25)*48. What is the highest common factor of 56 and h?
8
Suppose 3*m + 4*c = 1496, -m + 5*c + 366 = -139. Calculate the highest common divisor of 184 and m.
4
Let f(q) = -q**3 + 5*q**2 - 8*q + 16. Let p be f(-7). Suppose 2*v = p + 428. What is the highest common factor of 17 and v?
17
Let m(r) = -34*r - 957. Let o be m(-60). Let j(a) = a**3 - 3*a + 5. Let s be j(4). What is the greatest common factor of s and o?
57
Suppose 0 = -6*w + 4136 - 4052. What is the greatest common divisor of w and 574?
14
Suppose 5*q - 4*k + 989 = 0, -3*q = q + 2*k + 812. Let v = q + 227. What is the greatest common divisor of 26 and v?
26
Suppose 0 = -730*h + 727*h + 540. What is the greatest common factor of h and 522?
18
Suppose 2*a + 5*r - 132 - 38 = 0, 2*r = -5*a + 362. What is the highest common divisor of 2250 and a?
10
Suppose 2*a - 23 = -5*x, -4 = x - 9. Let b be (40/12)/(a*(-3)/306). What is the greatest common divisor of b and 68?
68
Suppose -3*g + j + 139 = 0, -2*g + 88 = 12627*j - 12628*j. Suppose 0 = -5*n + 22 - 7. What is the greatest common factor of n and g?
3
Suppose 16650 = 298*a - 113*a. What is the highest common factor of 1130 and a?
10
Let n = -224 - -128. Let r be (-1 - -16)*(n/(-18) + -5). Suppose -j - 3*z = -15, j - 3*j = -r*z - 85. What is the greatest common factor of j and 240?
30
Let b = -10727 - -11981. What is the highest common divisor of b and 1216?
38
Let y = 1767 + -1543. What is the greatest common divisor of 98 and y?
14
Suppose 1354 = 2*q - 3*t - 1066, 4*t = 4*q - 4852. Calculate the greatest common divisor of q and 159.
53
Let a be 404/(-6) + (-4)/6. Let d = a - -119. Let y = d - 34. What is the highest common factor of y and 187?
17
Let t(s) = -2*s**2 - 106*s + 2831. Let j be t(19). What is the greatest common factor of 6365 and j?
95
Let s = -7 + 6. Let k = s - -4. Suppose 58*h - 14*h = 44. What is the highest common factor of h and k?
1
Let s = 403 + -310. Calculate the highest common factor of s and 12741.
93
Let u(g) be the third derivative of g**5/60 - 5*g**4/24 - 31*g**3/6 + 88*g**2. Let v be u(-4). What is the highest common factor of 25 and v?
5
Suppose 0 = 2*t - 0*t + 48. Let u = 54 + t. Let c be (33/5)/(3/u). Calculate the highest common divisor of c and 6.
6
Suppose 2*d - 3*o = 132, 240 = 3*d + d - 3*o. What is the highest common divisor of 20142 and d?
54
Let h be 0 + (5 + -8)*83/3. Let j = h + 85. What is the greatest common divisor of j and 1?
1
Let v(a) = a**3 - 24*a**2 + 96*a - 4. Let u be v(19). What is the greatest common factor of u and 1245?
15
Suppose -1099 = -304*y + 311*y. Let f be 30/(-70) - y/7. What is the greatest common factor of 286 and f?
22
Suppose -3*o = 3*o - 60. Let s be ((-24)/15)/((-4)/o). Let k be -1 + (33 - (-1 + 1)). What is the highest common divisor of k and s?
4
Let l(x) = -x**3 - 8*x**2 - x. Let o be l(-9). Let d = -208 + 343. Calculate the greatest common divisor of d and o.
45
Suppose 76*n + 1176 = 10752. Calculate the highest common factor of 342 and n.
18
Let s be ((-4)/(-5))/((-10)/100). Let p be 1 + 101/3 - s/(-12). What is the highest common factor of 85 and p?
17
Let m = -199 + 195. Suppose -67 = -5*i + 13. Let g be (m*5)/5 + i. What is the highest common factor of 96 and g?
12
Let g = -1517 + 1766. Calculate the greatest common factor of 2656 and g.
83
Let x(g) = -4*g + 5. Let a be x(-6). Suppose 4*y - 4603 = -5*q - 1108, -3*q = -3*y - 2097. Suppose 3*h + 3 = q. What is the greatest common divisor of a and h?
29
Let b(k) = -9*k - 4. Let d be b(-1). Suppose -d*f + 4*a + 153 = -177, 198 = 3*f - a. Calculate the greatest common factor of 66 and f.
66
Suppose -3*n + 5*w = -456, -5*n + 57*w - 52*w + 750 = 0. What is the greatest common factor of n and 1372?
49
Let u(v) = 10*v**3 + 195*v**2 - 959*v - 14. Let x be u(5). What is the greatest common factor of x and 5076?
188
Let c(f) = -2*f - 34. Let m be c(-16). Let o be 12/4 + (-86)/m. Let v = o - 36. Calculate the greatest common divisor of 30 and v.
10
Let y(b) = b**3 - 21*b**2 - 17*b + 61. Let l be y(22). Suppose -6*v = -8*v + 570. What is the highest common factor of v and l?
57
Let s(b) = 199*b**2 + 3*b - 21. Let a be s(3). Let o = -1220 + a. Calculate the highest common divisor of 13 and o.
13
Suppose -15*w + 633 - 7758 = 0. Let l = w + 504. Let m(x) = -24*x + 11. Let k be m(-8). What is the highest common divisor of k and l?
29
Suppose -2*m + 5*h - 6 = 3, 3*m = 2*h - 30. Let u be (-5*m/90)/((-2)/(-18)). Let c = 90 - 30. What is the greatest common factor of c and u?
6
Suppose -6*i - 1044 = -3*i. Let b = 412 - i. What is the highest common factor of 95 and b?
95
Suppose i = -5*x + 68359 - 27755, 0 = -4*x - 5*i + 32500. What is the highest common factor of 145 and x?
145
Let m = 23 + -18. Suppose 0 = -4*b - 5*f - 234 + 807, -m*b - 5*f = -710. Let p = b + -4. Calculate the greatest common factor of p and 19.
19
Suppose 2882 = 56*t - 4304 + 1586. Calculate the highest common divisor of t and 625.
25
Let